iple of 17?
False
Is 246 a multiple of 49?
False
Does 7 divide 5090?
False
Does 209 divide 8338?
False
Does 11 divide 7813?
False
Is 1726 a multiple of 24?
False
Is 13 a factor of 3965?
True
Does 25 divide 2025?
True
Does 6 divide 15137?
False
Does 10 divide 990?
True
Does 14 divide 1610?
True
Is 2046 a multiple of 12?
False
Does 105 divide 13650?
True
Is 138 a factor of 15180?
True
Does 3 divide 738?
True
Does 124 divide 44144?
True
Is 25 a factor of 5500?
True
Is 2976 a multiple of 48?
True
Is 221 a multiple of 19?
False
Is 6 a factor of 23898?
True
Is 64190 a multiple of 21?
False
Is 14310 a multiple of 159?
True
Does 7 divide 162?
False
Is 182 a multiple of 4?
False
Is 450 a multiple of 30?
True
Is 810 a multiple of 3?
True
Is 7 a factor of 8?
False
Is 382 a factor of 69879?
False
Is 53322 a multiple of 7?
False
Is 97161 a multiple of 87?
False
Is 71 a factor of 62988?
False
Does 17 divide 754?
False
Is 10 a factor of 58230?
True
Does 28 divide 18927?
False
Does 8 divide 192?
True
Is 8250 a multiple of 10?
True
Is 9 a factor of 23319?
True
Is 24108 a multiple of 42?
True
Does 20 divide 1000?
True
Is 35 a factor of 1925?
True
Is 23 a factor of 5428?
True
Is 1851 a multiple of 9?
False
Is 55 a factor of 46506?
False
Does 9 divide 234?
True
Is 24 a factor of 888?
True
Is 18 a factor of 10429?
False
Does 3 divide 93?
True
Is 18 a factor of 486?
True
Is 35 a factor of 109?
False
Does 22 divide 5632?
True
Is 4539 a multiple of 81?
False
Does 71 divide 9159?
True
Does 29 divide 3460?
False
Is 6 a factor of 3030?
True
Is 102 a factor of 5325?
False
Is 1263 a multiple of 7?
False
Is 893 a multiple of 57?
False
Is 51 a factor of 1218?
False
Is 1410 a multiple of 94?
True
Is 6 a factor of 438?
True
Is 78 a factor of 8112?
True
Is 13 a factor of 536?
False
Is 2010 a multiple of 10?
True
Does 154 divide 7700?
True
Is 24 a factor of 29072?
False
Does 14 divide 938?
True
Does 12 divide 343?
False
Does 22 divide 11052?
False
Is 7946 a multiple of 16?
False
Is 44 a factor of 211?
False
Is 96096 a multiple of 308?
True
Does 10 divide 360?
True
Is 104 a factor of 21181?
False
Does 38 divide 2982?
False
Is 408 a multiple of 51?
True
Is 41285 a multiple of 6?
False
Does 23 divide 16744?
True
Does 156 divide 34788?
True
Does 15 divide 315?
True
Is 24 a factor of 3556?
False
Does 24 divide 528?
True
Is 9 a factor of 1535?
False
Is 2930 a multiple of 20?
False
Is 12789 a multiple of 61?
False
Is 27063 a multiple of 49?
False
Is 170 a factor of 29501?
False
Does 10 divide 826?
False
Does 117 divide 21124?
False
Is 958 a multiple of 50?
False
Does 10 divide 121?
False
Does 27 divide 7533?
True
Is 729 a multiple of 3?
True
Is 477 a multiple of 14?
False
Does 12 divide 384?
True
Is 520 a multiple of 13?
True
Is 8243 a multiple of 12?
False
Is 11 a factor of 4356?
True
Is 280 a multiple of 20?
True
Is 63 a factor of 1630?
False
Is 12 a factor of 769?
False
Is 62 a factor of 434?
True
Is 17 a factor of 918?
True
Does 22 divide 13300?
False
Does 26 divide 754?
True
Is 75 a factor of 1332?
False
Is 891 a multiple of 33?
True
Does 4 divide 4?
True
Is 3240 a multiple of 6?
True
Is 1684 a multiple of 27?
False
Is 21472 a multiple of 8?
True
Is 43 a factor of 301?
True
Is 1372 a multiple of 55?
False
Is 2214 a multiple of 9?
True
Is 10 a factor of 20?
True
Does 34 divide 510?
True
Does 24 divide 40416?
True
Is 4864 a multiple of 8?
True
Is 156 a factor of 2028?
True
Is 12 a factor of 2256?
True
Is 11 a factor of 1176?
False
Is 9 a factor of 2566?
False
Is 28 a factor of 27044?
False
Does 10 divide 750?
True
Does 6 divide 4082?
False
Is 3329 a multiple of 157?
False
Is 1575 a multiple of 15?
True
Is 74 a factor of 814?
True
Is 13900 a multiple of 20?
True
Does 46 divide 598?
True
Does 49 divide 172?
False
Is 145 a factor of 2116?
False
Is 26 a factor of 390?
True
Is 48 a factor of 20522?
False
Does 49 divide 48657?
True
Is 1357 a multiple of 8?
False
Does 65 divide 45175?
True
Does 115 divide 27944?
False
Is 16 a factor of 1188?
False
Is 32 a factor of 15066?
False
Is 2 a factor of 1443?
False
Is 6348 a multiple of 69?
True
Is 79 a factor of 5372?
True
Is 18 a factor of 1800?
True
Is 15 a factor of 990?
True
Does 11 divide 707?
False
Does 34 divide 1085?
False
Does 3 divide 14353?
False
Is 22491 a multiple of 9?
True
Is 2777 a multiple of 14?
False
Does 11 divide 59851?
True
Does 5 divide 897?
False
Does 114 divide 128?
False
Is 25 a factor of 175?
True
Does 136 divide 1768?
True
Does 147 divide 1764?
True
Is 3937 a multiple of 31?
True
Does 8 divide 12506?
False
Is 1314 a multiple of 9?
True
Is 3 a factor of 1948?
False
Is 89 a factor of 12886?
False
Does 57 divide 42200?
False
Is 67 a factor of 12060?
True
Is 89 even?
False
Does 4 divide 16361?
False
Is 54 a factor of 360?
False
Is 2125 a multiple of 14?
False
Does 30 divide 890?
False
Is 1177 a multiple of 66?
False
Is 88 a factor of 5919?
False
Does 274 divide 163579?
False
Is 10 a factor of 540?
True
Is 7 a factor of 1172?
False
Is 37 a factor of 1184?
True
Does 7 divide 39426?
False
Does 9 divide 642?
False
Does 231 divide 25179?
True
Does 26 divide 780?
True
Is 54600 a multiple of 312?
True
Is 18 a factor of 3274?
False
Does 26 divide 844?
False
Is 11 a factor of 1164?
False
Is 6 a factor of 355?
False
Does 8 divide 304?
True
Does 85 divide 1233?
False
Is 22 a factor of 24570?
False
Is 610 a multiple of 8?
False
Is 875 a multiple of 10?
False
Is 28 a factor of 84?
True
Is 3185 a multiple of 13?
True
Is 44 a factor of 313?
False
Is 90 a multiple of 15?
True
Does 14 divide 910?
True
Is 4 a factor of 751?
False
Does 48 divide 8448?
True
Is 11289 a multiple of 53?
True
Is 35538 a multiple of 13?
False
Does 13 divide 14794?
True
Does 26 divide 780?
True
Is 61 a multiple of 3?
False
Is 84 a factor of 2940?
True
Does 64 divide 122255?
False
Is 1633 a multiple of 23?
True
Does 9 divide 18?
True
Does 9 divide 25050?
False
Is 1131 a multiple of 15?
False
Does 16 divide 11703?
False
Does 12 divide 3624?
True
Is 67 a multiple of 6?
False
Is 86 a multiple of 26?
False
Does 17 divide 11577?
True
Is 8 a factor of 29312?
True
Does 239 divide 138781?
False
Is 28 a factor of 633?
False
Is 149688 a multiple of 12?
True
Is 41645 a multiple of 128?
False
Is 47 a factor of 555?
False
Does 173 divide 4992?
False
Does 14 divide 1302?
True
Is 10970 a multiple of 77?
False
Is 2193 a multiple of 19?
False
Does 20 divide 140?
True
Does 16 divide 15666?
False
Is 3 a factor of 72?
True
Is 305 a multiple of 2?
False
Is 164 a factor of 6888?
True
Is 100 a multiple of 4?
True
Does 21 divide 63?
True
Is 50 a factor of 15714?
False
Is 34 a multiple of 3?
False
Is 14 a factor of 70?
True
Is 91784 a multiple of 154?
True
Is 16717 a multiple of 33?
False
Is 210 a factor of 34650?
True
Does 133 divide 18790?
False
Is 61688 a multiple of 28?
False
Is 3 a factor of 875?
False
Is 3211 a multiple of 13?
True
Is 137 a factor of 14975?
False
Does 99 divide 37521?
True
Is 3553 a multiple of 11?
True
Does 13 divide 2873?
True
Is 3471 a multiple of 14?
False
Is 88 a factor of 20680?
True
Is 222 a factor of 9546?
True
Is 29913 a multiple of 169?
True
Is 25254 a multiple of 86?
False
Is 7070 a multiple of 70?
True
Is 5950 a multiple of 17?
True
Is 2860 a multiple of 19?
False
Is 11372 a multiple of 35?
False
Does 14 divide 635?
False
Is 16 a factor of 992?
True
Is 33 a factor of 1485?
True
Does 142 divide 7767?
False
Does 8 divide 24664?
True
Does 112 divide 1813?
False
Is 53268 a multiple of 431?
False
Is 7 a factor of 526?
False
Is 624 a multiple of 31?
False
Is 4 a factor of 3700?
True
Does 15 divide 180?
True
Is 10013 a multiple of 31?
True
Is 12 a factor of 2071?
False
Is 3 a factor of 4955?
False
Does 9 divide 1147?
False
Does 15 divide 5370?
True
Is 952 a multiple of 46?
False
Is 8 a factor of 2201?
False
Does 2 divide 469?
False
Is 18 a factor of 15048?
True
Is 814 a multiple of 37?
True
Is 2855 a multiple of 5?
True
Is 44 a factor of 3022?
False
Is 140 a multiple of 19?
False
Is 7 a factor of 54?
False
Is 19 a factor of 250?
False
Is 29 a factor of 3393?
True
Is 5369 a multiple of 7?
True
Does 2 divide 2154?
True
Does 12 divide 12983?
False
Is 22 a factor of 308?
True
Does 192 divide 19457?
False
Is 32364 a multiple of 261?
True
Is 12 a factor of 1200?
T